igit of i?
3
Let t = -62 + 78. What is the tens digit of t?
1
Let u be 0/(3*(-4)/6). Suppose u*n - 50 = -5*n. What is the units digit of n?
0
Suppose h - 64 = -2*u, -4*h = 2*u - h - 64. What is the units digit of u?
2
Let h(i) = -i**3 - 8*i**2 - 7*i + 3. Let j be h(-7). Suppose -4 = t, -j*a + 43 + 13 = t. What is the tens digit of a?
2
Let d be ((0/(-4))/(-2))/3. Let g(p) = -p**3 + 2. What is the units digit of g(d)?
2
Suppose 0 = 4*k - 26 - 122. What is the tens digit of k?
3
Let o = -19 + 41. Suppose 0*u - 2*u = -o. Let a = u + 0. What is the tens digit of a?
1
Let x(r) = 1 + 3 - 2 + 2*r + r**2. Let f be 1 + (-2)/(2/3). What is the units digit of x(f)?
2
Let n = 199 - -195. What is the hundreds digit of n?
3
Suppose -4*v + 5*i + 155 = -105, -5*v = -i - 304. Suppose 4*b = -0*b + v. What is the tens digit of b?
1
Let p = -11 + -79. What is the units digit of ((-6)/(-4))/((-5)/p)?
7
Suppose 3 = w - 3. Suppose 7 = z - w. What is the tens digit of z?
1
Let s(n) = -n**2 - 6*n - 1. Suppose 0*o = 5*o - 60. Let x = o - 17. What is the units digit of s(x)?
4
Suppose -6*g + g - 5 = 0, -4*j - 2*g = -298. Suppose -6*w = -w - j. What is the tens digit of w?
1
What is the tens digit of (651/(-28))/((-9)/24)?
6
Let x = 33 + 18. What is the units digit of x?
1
Let o = -6 - -11. Let b be ((-20)/8 + 4)*2. Suppose 5 = 5*v - z, 0 = 3*v + o*z - b. What is the units digit of v?
1
Suppose -3*n = -3 - 3. What is the units digit of n?
2
Let r = -20 + 24. What is the units digit of r?
4
Let g(c) = -c + 15. Let t be g(14). What is the tens digit of (44 - 1)*t + 1?
4
Let p(q) = -q**2 + 7*q + 6. Suppose -2*g = -0*g - 22. Suppose -s - i = -g, 2*s + 0*s - 26 = -3*i. What is the units digit of p(s)?
6
Let w(s) = 3*s - 31. What is the tens digit of w(15)?
1
Let p be (-7 - -1)/3 + 0. Let y be 1 + -2 - 12/p. Suppose -y*z = -4*z + 5*n + 18, -4*n - 22 = -3*z. What is the units digit of z?
2
Suppose -2 = k - 6, 4*g = 2*k + 76. Let v = 2 + g. What is the tens digit of v?
2
Let m(h) = h**2 - 6*h - 5. Let f be m(7). Let t be 4/f - (0 - -6). What is the units digit of (-12)/6 - 3*t?
0
Suppose 3*z = 3*q - 777, 785 = 5*q + 5*z - 470. What is the hundreds digit of q?
2
Suppose -u = -2*f - 12, -3*u - 33 = -5*u + f. What is the units digit of u?
8
Let z(m) = m**2 + 13*m + 12. Let d be z(-12). Suppose d = 6*v - v - 90. What is the tens digit of v?
1
Suppose -2*o - 6 = -5*o. Let u be 31 - ((-2 - 0) + o). Let p = -19 + u. What is the tens digit of p?
1
Let n = 61 + -56. What is the units digit of n?
5
Suppose -3*d - 2*l = -4, d + 2*l - 1 = -5. Let f be (-1 + 11)*2/d. Suppose -f*b + 2*y = 5*y - 25, -b = y - 3. What is the units digit of b?
8
Suppose -9 = -6*g + 3*g. Suppose 2*s + g*v - 51 = -2*s, 0 = 4*v - 20. What is the units digit of s?
9
Let b = 17 + -5. What is the units digit of b - (0 + (-2 - 0))?
4
Let g = 43 - 12. Let p = -18 + g. Let c = p + -7. What is the units digit of c?
6
Suppose 112 = z - 6. What is the units digit of z?
8
What is the hundreds digit of 6858/18 + 0 + 0?
3
Let q be 13/4 - 2/8. Let b(c) = 0*c**2 - 2*c**2 - 10*c**q + c**2. What is the units digit of b(-1)?
9
Suppose 2*a + 3*i = 32 - 3, -a + 22 = 3*i. What is the units digit of a?
7
What is the hundreds digit of ((-4)/3)/(7/((-1533)/2))?
1
Let t(c) = -c - 3. Let p be t(-4). Let x be (-2 + p)*(0 + -2). Let i = x - -6. What is the units digit of i?
8
Let f = -130 + 251. What is the hundreds digit of f?
1
Suppose n = 3*n. Let a = 2 - n. What is the units digit of a?
2
Suppose 0*t - 2*s - 10 = -4*t, -4*s = -3*t + 5. Suppose x = -t*x + 12. What is the units digit of x?
3
Suppose 3*z + 39 + 51 = 0. Let c be (-20)/6*(-30)/(-25). What is the units digit of 5/(z/c)*9?
6
Let g = 6 + -4. Suppose g*c - 4*d - 40 = -c, -5*c - d = -82. What is the units digit of c?
6
Suppose 3*p + 119 = -5*t + 34, -30 = 2*t + 2*p. Let u = t + 38. Let l = 34 - u. What is the units digit of l?
6
Let g(n) = -n**2 + 6*n + 12. What is the units digit of g(7)?
5
Let c = -5 - -9. Suppose 0 = -z + 15 + c. What is the units digit of z?
9
Let t = 82 - 39. Let k = t + -10. What is the units digit of k?
3
Let a = -13 - -25. What is the units digit of a?
2
Let l(n) = 2*n - 2. Let d be l(3). Let j(k) = 5*k. What is the units digit of j(d)?
0
Let u be (5/4)/(1/4). Suppose -4*k - 4 = 5*l, -u*k = 6*l - 3*l - 8. What is the units digit of k?
4
Let m(c) = 2*c**3 - 4*c**2 + 3*c - 3. Let j be m(4). Suppose -4*z + 0*l + j = l, 15 = -5*l. What is the tens digit of z?
1
Let a = 317 - 172. What is the hundreds digit of a?
1
Suppose -4*u - 3 = 1. Let s be u*(-2 - 27/(-3)). Let a(w) = -w**2 - 7*w + 2. What is the units digit of a(s)?
2
Suppose 3*s = -10 + 25, 0 = 3*k + s + 28. Let q = 21 + k. What is the tens digit of q?
1
Let l(d) = d**2 - 5*d + 9. Let r(u) = 2*u - 12. Let f be r(9). What is the tens digit of l(f)?
1
Suppose 0 = n + 2 - 6. Let l(p) = p - 8. Let u be l(n). Let t = 5 + u. What is the units digit of t?
1
Let h(y) = 2*y - 10. Let j be h(6). Suppose -62 - 40 = -j*t. What is the tens digit of t?
5
Let x be -3 - -2 - 1 - -4. Let c be (30/(-5))/(6/(-4)). Suppose 4*q - 22 = x*u, -q + 7 = -c*u - 2. What is the units digit of q?
5
Let p = 4 + 4. Let s = 12 - p. What is the units digit of s?
4
Let t be 6 + 1 + -4 + 8. Let z = t + 7. What is the tens digit of z?
1
Let r = 183 - 90. What is the tens digit of r?
9
Let a(u) = -2*u + 2. Let q be a(-2). Let z = -3 + q. Suppose 6*o - z*o - 45 = 0. What is the units digit of o?
5
Let k be (-5)/10*-2*6. Suppose 3*i = 15, -2*t + 7*i = 2*i + 3. Let u = t - k. What is the units digit of u?
5
Let v(y) = y**2 - 26*y - 36. What is the units digit of v(29)?
1
Let m = 56 + -35. Suppose 2*o - o = m. What is the tens digit of o?
2
Suppose 12 = 3*b + 3. Suppose -c = b*c - 20. Let x(a) = -a**3 + 6*a**2 - 6*a + 7. What is the units digit of x(c)?
2
Let a(z) = 13*z + 2. What is the units digit of a(4)?
4
Let o be 3*-2 - 2/(-2). Let d(v) = v**2 + 3*v + 2. Let x be d(o). Suppose 4*m + x = y + 30, y = -4*m + 22. What is the units digit of y?
2
Let t(q) = q**3 - 5*q - 3. What is the hundreds digit of t(6)?
1
Suppose -5*o + 48 = -o. Let h(u) = u**2 - 11*u - 10. Let n be h(o). Suppose -n*k + i + 21 = 0, 2*k = k - 3*i. What is the units digit of k?
9
Let b(m) = -m**3 + 10*m**2 + 2. Let n be b(10). Let y(l) = -n*l + l**3 + 0*l - 4 + 3. What is the units digit of y(2)?
3
Let k(d) = -d + 7. Suppose -7*q = -2*q + 35. What is the units digit of k(q)?
4
Let j(f) = -f**3 - 11*f**2 - 14*f - 12. Let g be j(-10). Let k = g + 7. What is the units digit of k?
5
Let g = 4 + -1. Suppose g*l - 42 + 3 = 0. What is the units digit of l?
3
Suppose 0 = -0*q - 3*q. Let f be (q/1 - 20)/(-1). Suppose -g = 3*g - f. What is the units digit of g?
5
Let f(l) = 0*l + 0*l + 1 - 3*l. Let h be f(1). What is the units digit of 0 + 1 - (2 + h)?
1
Suppose -1248 = j - 14*j. What is the units digit of j?
6
Suppose 19*x = 12*x + 588. What is the tens digit of x?
8
Let d(a) = -5*a + a**3 + 5*a**2 - 2*a**3 + 2*a**3 + 7. What is the units digit of d(-6)?
1
Let t(v) = 4 + v**2 - 2*v + 10*v + 5*v. What is the units digit of t(-13)?
4
What is the tens digit of ((-2)/((-4)/6))/(51/2193)?
2
Suppose 4*b + 4*o - 140 - 204 = 0, 142 = 2*b - 4*o. What is the tens digit of b?
8
Let m(l) = 50*l**2 + 2*l + 1. Let h be m(-1). Suppose -5*g = -1 - h. What is the units digit of g?
0
Let l(i) = i**2 + 6*i + 8. Let x(f) = 7*f**3 + f**2 + f + 1. Let s be x(-1). What is the units digit of l(s)?
8
Let b = 59 - 37. What is the tens digit of (b/(-3))/((-12)/18)?
1
Suppose -3*w + 13 - 40 = -3*x, -x - 2*w - 6 = 0. Suppose -x*a + a = 0. Let n = 1 - a. What is the units digit of n?
1
Let b = -337 + 208. Let g be (0 - -2)/((-6)/b). What is the units digit of g/5 - 4/(-10)?
9
Let c(h) = h**3 + 11*h**2 - 12*h + 8. Let n be c(-12). Let b be (-4)/((-1 + 3)/n). What is the units digit of (6*1)/((-8)/b)?
2
Suppose 3*w - w - 192 = 0. What is the tens digit of w?
9
Let x = -1 - 6. Let r = -7 - x. Suppose -d = -r - 1. What is the units digit of d?
1
Let p(g) = -g**3 - 2*g**3 + 4 + 3*g**3 - g**3 + 7*g**2. What is the units digit of p(7)?
4
Let s(r) = r - 8. Let d be s(11). Suppose -y - d = 2*y. What is the units digit of y - -2 - -1*8?
9
What is the units digit of (-1)/(13/(-169)*(-2)/(-10))?
5
Suppose -3*m = -2*m - 3